of 2352433?
False
Is 3013 a factor of 635616683?
False
Is 188552808 a multiple of 342?
True
Is 19 a factor of 531529017?
False
Is 15 a factor of 119514015?
True
Does 72 divide 129855049?
False
Is 5865178 a multiple of 104?
False
Is 179 a factor of 888019?
True
Is 170594365 a multiple of 1238?
False
Does 13 divide 11172457?
False
Is 1302 a factor of 3744027?
False
Is 808 a factor of 933177784?
True
Is 251878545 a multiple of 51?
True
Is 6956145 a multiple of 8?
False
Does 889 divide 297517185?
True
Does 676 divide 183276262?
False
Is 43 a factor of 231289689?
False
Is 444973110 a multiple of 1446?
False
Is 12 a factor of 105874608?
True
Is 13620642 a multiple of 116?
False
Is 68 a factor of 18797104?
True
Is 338596721 a multiple of 456?
False
Is 413 a factor of 14502819?
False
Is 23 a factor of 180595977?
True
Is 4072466465 a multiple of 9485?
False
Is 3932 a factor of 409605297?
False
Does 13 divide 1396036590?
True
Is 216 a factor of 82597510?
False
Is 323521295 a multiple of 751?
False
Is 807356 a multiple of 622?
True
Is 1343033790 a multiple of 58?
True
Does 824 divide 45114824?
True
Does 3 divide 42863017?
False
Does 589 divide 205052104?
True
Is 686 a factor of 67969478?
False
Is 302453868 a multiple of 17?
True
Is 82 a factor of 189537210?
False
Is 24006143 a multiple of 329?
True
Is 47 a factor of 27257947?
False
Does 6 divide 2780657?
False
Is 14 a factor of 85395912?
True
Is 175838958 a multiple of 3853?
False
Is 756415 a multiple of 4?
False
Is 229986450 a multiple of 38?
True
Does 4 divide 8639544?
True
Does 462 divide 175542245?
False
Is 17 a factor of 252796054?
False
Is 2885 a factor of 395105577?
False
Is 4963 a factor of 314368947?
False
Is 54 a factor of 62805294?
True
Is 187901086 a multiple of 27?
False
Is 14 a factor of 8514184?
True
Is 502308112 a multiple of 536?
True
Is 45777106 a multiple of 34?
False
Is 25469994 a multiple of 1254?
True
Is 187 a factor of 975711022?
True
Is 18 a factor of 471571843?
False
Is 450811782 a multiple of 532?
False
Is 1996470679 a multiple of 239?
False
Is 15332013 a multiple of 10?
False
Is 39267624 a multiple of 1784?
True
Does 192 divide 356383781?
False
Does 606 divide 710747009?
False
Is 66 a factor of 98464174?
False
Does 72 divide 543333537?
False
Is 8 a factor of 416874512?
True
Is 13550530 a multiple of 189?
False
Is 754290122 a multiple of 104?
False
Is 16 a factor of 45516816?
True
Is 3818348388 a multiple of 18?
True
Is 861 a factor of 32798073?
True
Is 19890863 a multiple of 32?
False
Is 12 a factor of 29912220?
True
Does 205 divide 633478?
False
Does 752 divide 3806706859?
False
Is 384906090 a multiple of 831?
False
Is 4565 a factor of 2820407570?
False
Is 127 a factor of 28591637?
True
Does 14 divide 151871090?
True
Is 2732 a factor of 565340956?
True
Is 6 a factor of 261760739?
False
Does 18 divide 15897895?
False
Is 80649744 a multiple of 16?
True
Does 13 divide 33590206?
True
Does 153 divide 523120014?
False
Is 931478734 a multiple of 20?
False
Is 21 a factor of 8180046?
True
Does 130 divide 2467510?
False
Does 1050 divide 65649150?
True
Is 129 a factor of 483942855?
True
Is 85754796 a multiple of 12?
True
Is 1038204362 a multiple of 206?
True
Is 2148240013 a multiple of 2646?
False
Is 419528732 a multiple of 386?
True
Is 3177 a factor of 1945002461?
False
Is 19191957 a multiple of 2883?
False
Is 179804616 even?
True
Does 28 divide 100166472?
True
Does 6361 divide 260839166?
True
Is 129 a factor of 15993291?
True
Is 5 a factor of 2517017?
False
Is 51828995 a multiple of 990?
False
Is 470117318 a multiple of 841?
True
Is 767 a factor of 234702000?
True
Is 20881050 a multiple of 6?
True
Is 168586275 a multiple of 34?
False
Is 44 a factor of 5059729884?
True
Is 810 a factor of 46366830?
True
Does 51 divide 46882026?
False
Is 32 a factor of 7922906870?
False
Is 5497 a factor of 252871438?
False
Does 35 divide 334587275?
False
Is 1371 a factor of 69952248?
False
Does 10 divide 805357242?
False
Is 185501324 a multiple of 2756?
False
Is 16 a factor of 96396736?
True
Does 23 divide 373282571?
True
Is 134422684 a multiple of 36?
False
Is 5452 a factor of 254022647?
False
Is 1307549042 a multiple of 29?
True
Does 33 divide 233982210?
True
Is 1316 a factor of 6225213610?
False
Does 5973 divide 303010290?
True
Is 26313432 a multiple of 148?
False
Is 24253932 a multiple of 411?
True
Does 199 divide 381873836?
True
Is 9649079 a multiple of 1849?
False
Is 155 a factor of 773863230?
True
Is 4374913510 a multiple of 121?
True
Is 391 a factor of 262103458?
False
Is 7676339 a multiple of 89?
True
Is 4484842 a multiple of 10?
False
Is 4 a factor of 4161489?
False
Is 2442 a factor of 50363808?
True
Is 1347658830 a multiple of 90?
True
Is 88 a factor of 15851264?
True
Does 2 divide 982453045?
False
Is 3597363 a multiple of 21?
True
Is 2140248 a multiple of 66?
True
Is 11 a factor of 4263215?
True
Is 87758638 a multiple of 289?
False
Does 117 divide 133545684?
False
Is 19 a factor of 25142966?
True
Is 588 a factor of 29311800?
True
Does 411 divide 21559248?
False
Is 402 a factor of 420605766?
True
Does 41 divide 2446154722?
False
Does 3368 divide 2981858800?
True
Does 1660 divide 32208980?
True
Is 105049308 a multiple of 13?
True
Is 79295302 a multiple of 79?
True
Is 1155899142 a multiple of 873?
True
Is 15 a factor of 88697?
False
Is 3 a factor of 2170727?
False
Is 3083 a factor of 189610262?
False
Does 613 divide 56035556?
True
Is 780551941 a multiple of 615?
False
Does 2813 divide 922959365?
True
Does 329 divide 15270815?
False
Is 18101806 a multiple of 1536?
False
Is 3296 a factor of 164315488?
True
Does 923 divide 105565990?
False
Is 3 a factor of 9403202?
False
Is 18181781 a multiple of 25?
False
Does 151 divide 183025476?
False
Is 102813516 a multiple of 2236?
True
Is 1058 a factor of 43546166?
False
Is 215291720 a multiple of 40?
True
Does 158 divide 210236696?
True
Is 457 a factor of 1683681851?
False
Does 36 divide 21582534?
False
Is 104 a factor of 34961639?
False
Is 10129876 a multiple of 382?
True
Does 210 divide 163432139?
False
Is 229 a factor of 176663653?
True
Does 19 divide 223284036?
False
Is 686074732 a multiple of 6222?
False
Does 1313 divide 925877706?
True
Is 1214440518 a multiple of 1046?
True
Is 750721052 a multiple of 89?
True
Does 5215 divide 4500664263?
False
Does 5346 divide 895685460?
False
Is 1029 a factor of 132428772?
False
Is 213165824 a multiple of 32?
True
Is 40 a factor of 12244316?
False
Is 31 a factor of 96739871?
True
Is 414 a factor of 273887082?
True
Does 9 divide 262866690?
True
Does 13 divide 1273036885?
False
Does 247 divide 19323145?
False
Is 14 a factor of 153913578?
True
Is 251 a factor of 42166126?
False
Is 393619461 a multiple of 281?
True
Does 202 divide 1613879485?
False
Is 18 a factor of 12235050?
True
Is 47153824 a multiple of 3411?
False
Does 10380 divide 4831080360?
True
Is 30848626 a multiple of 13?
False
Is 57 a factor of 3784318863?
True
Is 270 a factor of 39198981?
False
Is 2 a factor of 39273339?
False
Does 6 divide 4957914?
True
Does 274 divide 8764164?
True
Is 46535300 a multiple of 490?
True
Is 230978725 a multiple of 56?
False
Does 2135 divide 68821725?
True
Does 25 divide 481623225?
True
Is 728405081 a multiple of 5?
False
Does 16 divide 30721696?
True
Does 411 divide 1144249521?
False
Is 992 a factor of 11270112?
True
Is 12 a factor of 42001333?
False
Does 83 divide 48617360?
False
Is 48089664 a multiple of 36?
True
Does 41 divide 262731?
False
Does 2363 divide 184864579?
True
Is 818 a factor of 6022934?
True
Is 843935757 a multiple of 87?
True
Is 80 a factor of 1929280?
True
Is 94 a factor of 225925838?
False
Is 37 a factor of 4882846895?
True
Does 113 divide 49446870?
False
Is 273 a factor of 259187791?
False
Is 667 a factor of 66992146?
True
Does 79 divide 9489796?
True
Is 940 a factor of 1249996677?
False
Is 442981305 a multiple of 50?
False
Does 72 divide 412868253?
False
Is 197602365 a multiple of 2215?
True
Does 105 divide 197115345?
True
Does 11 divide 3993754974?
True
Is 9 a factor of 17423835?
False
Is 18809583 a multiple of 307?
True
Does 73 divide 2028419?
False
Is 30352871 a multiple of 1422?
False
Is 84049317 a multiple of 164?
False
Is 808 a factor of 58321440?
True
Is 20979951 a multiple of 6?
False
Is 3 a fa